5*n - d + 92. Calculate the remainder when s is divided by n.
11
Let n = -394 + 628. Let w = n - 224. Suppose -5*b + 5 + 5 = 0, -4*b - 66 = -2*j. What is the remainder when j is divided by w?
7
Let c(o) be the third derivative of 1/3*o**3 - 6*o**2 + 0 + 0*o + 5/24*o**4. What is the remainder when 45 is divided by c(2)?
9
Let t be (-2 - -2)/(10/(-5)). Calculate the remainder when 76 + 5 - (3 + t) is divided by 10.
8
Suppose 58 - 6 = 5*j - t, -8 = -j + t. What is the remainder when j is divided by 2?
1
Let p(f) = -12*f + 3. Let a be p(2). Let v be (-498)/a - (-2)/7. Let u = 38 - v. What is the remainder when u is divided by 4?
2
Calculate the remainder when 62/(-4)*(5 + (9 - 18)) is divided by 5.
2
Let p(a) = -12*a - 26. Let n be p(-8). Let c = 2 + 1. Suppose -n = k - c*k. Calculate the remainder when k is divided by 12.
11
Let z = 259 + -11. Suppose -19*r + z = -15*r. What is the remainder when r is divided by 21?
20
Let h be 2*10/(-25)*45. Let f = -1 - h. Suppose -n + 36 = n. What is the remainder when f is divided by n?
17
Suppose -7*a + 42 = 7. Calculate the remainder when 71 is divided by a.
1
Let n(f) = -220*f**3 - 7*f - 5. What is the remainder when n(-1) is divided by 28?
26
Suppose 27 = y - 141. Let v = 243 - y. What is the remainder when v is divided by 26?
23
Let y = -36 + 36. Let b be (24/40)/((-1)/(-25)). Suppose o + 22 = 2*i, 5*i + 2*o - 31 - b = y. What is the remainder when i is divided by 3?
1
Suppose 4*c - 96 = -5*b, 4*b - 8*b + c + 60 = 0. Calculate the remainder when 105 is divided by b.
9
Let n = 61 - 27. Suppose -2*z - 43 = -3*z - 5*h, -2*h = -5*z + 242. Suppose -2*l = 3*g - 33, 2*g + 2*g = -4*l + z. What is the remainder when n is divided by g?
7
What is the remainder when 12/(-30) + 167/5 - 4 is divided by 17?
12
Let t(w) = w**2 + 3*w + 3. Let n be t(-3). Let k(h) = h - 2*h**n + 0*h**2 + 0*h**2 + 4 + 4*h**2 + h. What is the remainder when k(-3) is divided by 15?
13
Suppose 20*v - 69 = 19*v. Calculate the remainder when v is divided by 13.
4
Suppose 0 = -r + 3*a + 2, 0 = -a + 3*a - 2. Suppose 514 = r*k - 176. Let c(x) = 2*x**3 - 2*x**2 - 1. Calculate the remainder when k is divided by c(3).
33
What is the remainder when 175 is divided by ((-92)/(-6))/(25/150)?
83
Suppose 29*b - 25*b = 52. Let y = b - 11. What is the remainder when 9 is divided by y?
1
Calculate the remainder when 207 is divided by (176/3)/(-11)*(-3)/2.
7
Suppose -3*o = -2*q - 1827, 4*q = 2*o - 1694 + 476. What is the remainder when o is divided by 51?
48
Calculate the remainder when (126/5)/((-141)/(-2350)) is divided by 30.
0
Calculate the remainder when 168 is divided by 0 + 2 + 3 - (-39 + 9).
28
Suppose -21*o + 441 = -14*o. Calculate the remainder when 150 is divided by o.
24
Let c(r) = 22*r - 24. What is the remainder when 76 is divided by c(2)?
16
What is the remainder when 18 is divided by (-16)/24*3*(-6)/2?
0
Let z be (-24)/(-3) - 4 - 28. Let u be ((-3)/12)/(2/z). Suppose 0 = -0*p + 2*p - u*r - 32, 0 = r. What is the remainder when 63 is divided by p?
15
Let q(f) = f**3 - 15*f**2 - 13*f - 29. Calculate the remainder when 33 is divided by q(16).
14
Suppose 3*q - 4*q + 27 = 0. Suppose -6*u - q + 141 = 0. What is the remainder when u is divided by 8?
3
Let p = -2452 + 2747. What is the remainder when p is divided by 93?
16
Suppose 3*r + 25 = -14. Let n = 35 + r. Let b = n + -11. What is the remainder when 19 is divided by b?
8
Let d(z) = z**2 + 6*z. Let m be d(-4). Let s = 8 - m. Suppose -o + 183 = 2*o. Calculate the remainder when o is divided by s.
13
Suppose -3*c - 2*k = -c - 14, 2*c - 21 = 5*k. Let h(y) = y**3 + 5*y**2 - 8*y - 16. What is the remainder when (30/c)/((-1)/(-12)) is divided by h(-5)?
21
Suppose 2*n = n - 15. What is the remainder when 41 is divided by (1 + 0)/((-1)/n)?
11
Suppose 5*t + 17 = -8. What is the remainder when 17 is divided by 10 - (-4 - (t - 3))?
5
Let d(q) = 2*q**2. Let t be d(2). Let x(v) = v + 6. Calculate the remainder when 53 is divided by x(t).
11
Let t = -187 + 217. Calculate the remainder when 208 is divided by t.
28
Let c be ((-8)/(-6))/((-12)/(-126)). Let i = -36 + 45. Let x = c + i. Calculate the remainder when 90 is divided by x.
21
Suppose -51*p + 17693 = -84970. Calculate the remainder when p is divided by 106.
105
Suppose -6 - 35 = -a. Calculate the remainder when 120 is divided by a.
38
Suppose 1710 = -108*u + 117*u. What is the remainder when u is divided by 50?
40
Let m be 0 + (10 - 92)/((-2)/(-1)). Let l = -37 - m. What is the remainder when l is divided by 4?
0
Suppose -4*n - 172 = -4*z, -2*z + 5*n + 103 = 20. Suppose -2*w - z = -4*w. Calculate the remainder when 41 is divided by w.
19
Suppose -9*p + 5917 = -680. What is the remainder when p is divided by 105?
103
Suppose -3*g + 281 = -259. Suppose 41*o - g = 37*o. What is the remainder when o is divided by 8?
5
Suppose 3*r = 2*r - 4*k + 28, 4*r - 5*k = 196. Calculate the remainder when 483 is divided by r.
43
Suppose -5*d = -5*j + 30, -d = 3*j + 12 + 6. What is the remainder when ((-90)/d)/((4/9)/2) is divided by 1/(-3) + (-49)/(-3)?
13
Let b = 2150 + -2132. Suppose 20 + 10 = -5*m. Let f = m + 11. Calculate the remainder when b is divided by f.
3
Let u(h) = -20*h + 33. Let m = -51 + 77. What is the remainder when u(-2) is divided by m?
21
Let p(b) = -b + 10. Let c be -2 + (-2 - (-3)/3) - -63. Suppose 9*l - c - 3 = 0. What is the remainder when l is divided by p(6)?
3
What is the remainder when -3*(-3)/(-9) - (-384)/8 is divided by 9?
2
Let y be -6 + 80/14 - 303/(-7). Let q = -34 + y. Calculate the remainder when 38 is divided by q.
2
Let d(r) = 2*r**2 + 3*r - 2. Let t be d(1). Suppose -o + b = -2*b - 20, t*b - 110 = -4*o. What is the remainder when o is divided by 7?
5
Let f be (2 - (-24)/(-9))*-12 - 4. Suppose -a + 9 = -2*m + 36, -2*m + 32 = f*a. What is the remainder when 50 is divided by m?
8
Let b = 159 - 68. What is the remainder when b is divided by 46?
45
Let q be 36/10 - (-14)/35. Suppose 124 - 4 = q*t. What is the remainder when 118 is divided by t?
28
Let o(l) = -l**3 - 6*l**2 - 8*l - 7. Let v be 2/(3 + 15/(-6)). Suppose 5*k + 46 = 2*q, -144 = -q - v*q - 2*k. What is the remainder when q is divided by o(-5)?
4
Let z(s) = -14*s - 1. Let g = 3 - -7. Let o be (-12)/g + 1/5. Calculate the remainder when 38 is divided by z(o).
12
Let l = -924 + 973. Calculate the remainder when 181 is divided by l.
34
Let t(s) = -s**2 + 6*s + 15. Suppose 5*y + 10 + 20 = 0. What is the remainder when (4/y)/(20/(-630)) is divided by t(7)?
5
Suppose -5*i - 3*w = -24, -i + 2*w - 6 = -w. Suppose -9 - 36 = -i*x. Calculate the remainder when 65 is divided by 497/x + (-26)/195.
32
Suppose -40 = -0*h - 4*h - 3*k, -k = 4. Let w(q) = q**2 - 8*q - 10. Let p be w(9). Calculate the remainder when ((-225)/(-12))/(p/(-4)) is divided by h.
10
Suppose 81*x - 28 = 80*x. Calculate the remainder when 56 is divided by x.
0
Let z(i) = i**3 - 10*i**2 + 28*i - 19. Let c be z(8). Let b = c - 68. Calculate the remainder when 26 is divided by b.
8
Let k = -189 - -140. What is the remainder when -2*(-12)/8 - k is divided by 18?
16
Let i = -23 + 31. Suppose -o + i = -8. Calculate the remainder when 62 is divided by o.
14
Let u(d) = -d**3 - 3*d**2 + d. Suppose 0 = -8*w - 25 - 7. Suppose -210 = -4*y + y. What is the remainder when y is divided by u(w)?
10
Let q(o) = o**3 + 9*o**2 + 4*o + 24. What is the remainder when 165 is divided by q(-8)?
53
Let s(j) = -j**3 - 26*j**2 - 50*j - 45. Let m = -3 - -6. Calculate the remainder when s(-24) is divided by m.
0
Let z(j) = j**2 - 104*j - 91. Calculate the remainder when (-1)/((2/(-111))/2) is divided by z(105).
13
Let h be 460/(-69)*12/(-10). Let n(x) be the second derivative of x**3/3 - 9*x**2/2 + x. What is the remainder when 20 is divided by n(h)?
6
Let l(q) = q**3 + 23*q**2 - 19*q - 99. Calculate the remainder when l(-23) is divided by 17.
15
Suppose 2*a - 5*z = 212, a + 43*z = 46*z + 106. What is the remainder when a is divided by 15?
1
Suppose -88 = -6*h + 68. Calculate the remainder when 72 is divided by h.
20
Suppose -3*s + 1329 = -3*w, 7*s - 6*s = 3*w + 447. What is the remainder when s is divided by 12?
9
Let n = -2 - -9. Let v = 0 + 0. Suppose -f + 29 - 3 = v. Calculate the remainder when f is divided by n.
5
Calculate the remainder whe